 - (-1 + -2))?
-10
Evaluate (2 - 5) + 0 - -7.
4
What is (-2 + 1 - 4) + 162 + -157?
0
0 + (5 - 4) + 4
5
0 + (4 + -9 - -10) + -2
3
(3 - 1 - -2) + -3
1
Evaluate 4 - (3 - (-6 - (-6 - 7))).
8
Calculate (-9 - -7) + (-6 - (-1 + -1)).
-6
Evaluate 1 - -2 - (4 - 4).
3
What is the value of -7 + 3 + (2 - (-3 - -4))?
-3
What is the value of (13 - (7 - 2)) + -6?
2
Evaluate -18 - (-24 - -13 - 2).
-5
What is -6 + (-2 - (0 - (3 + 1)))?
-4
What is 6 + 0 + -6 + 1 + 7?
8
-5 + 11 + -2 + -8
-4
What is the value of 1 + (-4 + 5 - (1 - -1))?
0
Evaluate -34 + 40 - (-1 - -3).
4
Calculate (-7 - -4 - -3 - 2) + 5.
3
Evaluate (-5 - 0) + 5 - (4 + 0).
-4
-5 + (-5 - -8) + 8 + 2
8
4 - (-8 - (-25 + 5 + -3))
-11
-2 + 3 + -1 + 1 - 6
-5
What is the value of 2 - 9 - (4 + -6) - -2?
-3
What is -3 + 0 + 2 + -4?
-5
(4 - -1) + 4 + -10 + 2
1
Calculate -15 - -15 - (-2 + 1 + 4).
-3
What is -10 - ((1 - 5) + -1)?
-5
1 - ((1 - -5) + -1)
-4
-1 + -1 + -2 + 1
-3
Calculate -5 - 2 - (0 + (-5 - -1)).
-3
Calculate 4 - (2 - -3) - (0 + 1).
-2
What is the value of (2 - 15) + (2 + -1 - -5)?
-7
What is (2 - -2) + 3 + -3?
4
Calculate (5 - (-4 + 5)) + -3 + -4.
-3
(-5 - 1 - -13) + -9
-2
(2 - 1) + 23 + (-8 - 8)
8
What is 5 - (5 + (2 - (-1 - -4)))?
1
What is 4 + (-15 - -7) + -2 - 3?
-9
-3 - (-1 + -1 - -2)
-3
What is 1 + 2 + (-3 - 7 - -11)?
4
What is the value of -6 - -4 - -9 - 3?
4
Calculate (1 - 9 - (-14 + 16)) + 6.
-4
Calculate ((1 - 3) + -4 - -3) + 2.
-1
Calculate 4 - ((6 - 1) + -3 + 6).
-4
(-6 - (9 + -11)) + 1
-3
Evaluate -3 - (6 - (-6 - -21)).
6
4 + 0 - (2 + 5)
-3
Calculate (2 - -1) + (32 - 32).
3
What is 3 + (6 - 3 - 9) + -2?
-5
Calculate -1 - (-5 - -8 - 5).
1
What is the value of 13 + (8 - 19) - (-4 - 0)?
6
What is (9 - 1) + (-42 - (-5 + -20))?
-9
What is (-5 - -7 - 1) + -2 + 2?
1
Calculate 3 + -4 + -1 + 4.
2
2 + -5 + (-2 + 7 - 4)
-2
Evaluate 0 - 4 - (-5 - (-11 + 2)).
-8
Calculate 1 + 2 + 2 + 8 + -12.
1
What is the value of (-5 - (-2 + -2)) + 5?
4
What is the value of (1 - 1) + (1 - 2)?
-1
What is the value of (9 - -3 - 5) + -5?
2
0 + (-6 - 2) + 3 + 2
-3
What is 2 + 1 + 10 + -13?
0
Calculate (10 - (2 + -2)) + (12 - 18).
4
Evaluate 2 - (3 + 0 - -1) - -7.
5
Evaluate 4 + -1 - 5 - (-3 - 1).
2
Evaluate 1 - 2 - (-5 + 9).
-5
Calculate 1 + (9 - 24) + 9.
-5
2 + (3 + -1 - 0 - 7)
-3
Evaluate -5 + 2 - (1 - 1).
-3
-1 + 10 + 11 + -18
2
What is the value of 0 - -2 - (3 + (0 - 7))?
6
Calculate 2 + -4 - -3 - 2.
-1
What is 11 + (5 - 17) + 4?
3
Evaluate 1 - ((2 - -1) + -2 + 1).
-1
What is 3 + 4 + 2 - 5 - 9?
-5
14 - 1 - (-7 + 1 + 8)
11
What is the value of -9 - (0 - 5) - (-1 - -4)?
-7
(0 + -6 - (-16 + 1)) + -7
2
-1 + -5 - -2 - (65 + -74)
5
Evaluate 2 + -26 - -14 - (-1 - 0).
-9
What is 12 + -11 + (-1 - 5) - -4?
-1
Calculate (-1 - (20 + -7)) + 7 + -1.
-8
Calculate -14 + 10 + -5 + (-1 - -4).
-6
What is (3 - 13 - (-7 + 1)) + 13?
9
7 + (0 - (6 - (3 + -3)))
1
(-5 - (-2 + -5)) + 3
5
What is -1 - (-2 + -7 + 4)?
4
63 + -69 + 7 + 1
2
Calculate 4 + -2 + 5 + -2.
5
Calculate 4 + -8 + 9 + 0.
5
Calculate 3 + (1 - 2) + 0.
2
Calculate -3 - (7 + -8 - 0) - 9.
-11
Calculate (7 - -1) + 1 + -5 + -1.
3
Calculate -1 - (7 + -13 + 2).
3
What is (-8 - -8) + 1 + -2 - -8?
7
What is -3 + 9 - (8 + (5 - -1))?
-8
What is 0 - (0 - (0 - -2))?
2
Evaluate 15 + -20 + (-2 - -4).
-3
What is the value of 9 + 4 + -3 - (-2 - -2)?
10
What is -3 + -13 + 8 + 8?
0
Evaluate (6 + -18 - -6) + 4 + 8.
6
Evaluate 2 - 8 - (1 - 3).
-4
What is the value of 34 + -16 - (0 - -10)?
8
What is -3 + -1 + 5 - (-1 - 3)?
5
Evaluate (4 - (0 + (6 - 3))) + 1.
2
Evaluate 2 + (-1 - 6) - (-3 + -1).
-1
What is -1 + 2 + 1 - 4?
-2
What is 1 + (-8 - -5) - (-1 + -2)?
1
What is the value of 7 + -3 - (2 + -2)?
4
Evaluate 40 - 38 - (2 - 0).
0
Calculate (3 - (3 - -3 - 2)) + 2.
1
What is 3 + -5 + 18 + (-15 - -8)?
9
What is 0 - (4 + 1 - 3)?
-2
Evaluate -4 - -3 - -7 - (19 - 4).
-9
Evaluate 7 - 1 - ((16 - 18) + 3).
5
What is the value of (34 - 20) + (-1 - 6)?
7
What is (0 - 0) + (-20 - -21)?
1
Calculate (-6 - -4) + 3 + 4.
5
5 - (0 + 2 + 4)
-1
(-12 - -17) + (0 - 4) + -7
-6
Evaluate -1 - (-9 + (12 - 6)).
2
What is the value of 4 + (-2 - 1) + 4 + -8?
-3
What is the value of -1 + -2 + -5 + 3 + 2?
-3
What is (-1 - 0) + 8 - (1 + 1)?
5
What is the value of 4 + 4 + -5 + (-1 - 2)?
0
11 + -10 + (5 - -3)
9
1 + 3 + (2 - 2)
4
What is (-6 + 4 - -4) + 0 - -1?
3
2 + (-9 - (-6 - -4 - 2))
-3
Calculate 6 - 4 - -2 - -1.
5
What is the value of 2 + 0 - -1 - 2?
1
What is the value of -1 + 4 + 0 + -7?
-4
Evaluate 6 + 12 - ((-8 - -12) + 3).
11
-9 + 8 - (4 - 1)
-4
What is 0 - (3 - 17 - (-5 + -2))?
7
What is (-7 - 0) + 9 + (-7 - 0)?
-5
Calculate 1 + (0 - -5 - 10).
-4
What is the value of 11 + (-4 - 18) + 17?
6
What is (-1 - 1) + -6 + (-3 - -9)?
-2
Evaluate 0 + -9 + -3 + 8.
-4
Calculate 3 + 2 + -3 + -3.
-1
Calculate 0 + 5 - (7 - -3 - 11).
6
What is the value of 6 + (3 - (2 + 4))?
3
Evaluate 9 + (-3 - (7 - 4)).
3
Evaluate 6 + -1 + (-15 - -16).
6
Evaluate 5 - (10 - (1 - -3)).
-1
-1 + (-10 + 18 - 8)
-1
What is (-3 - 0) + -6 + 3 + 4?
-2
Calculate 0 - (0 + (-1 - -2) - -4).
-5
Evaluate -4 + 18 - (-1 + 0 + 6).
9
What is the value of -2 + (1 - 4) + (17 - 13)?
-1
Calculate 11 + (-5 - -1 - -1) - 4.
4
What is 8 + -13 - (-1 + -2)?
-2
Evaluate 3 + -3 + 3 + 7 + -10.
0
Evaluate (-3 - -3 - -2) + (-1 - 4).
-3
What is -2 - (3 + (1 - (1 - -5)))?
0
Evaluate 4 + -3 - (6 + 0).
-5
Evaluate -2 + 7 + (18 - 21).
2
2 + -1 + 3 - (-33 - -32)
5
Calculate -7 + 11 - -1 - (7 + 2).
-4
Evaluate -2 - ((-11 - -6) + 8) - -7.
2
(-4 + 2 + 0 - 6) + 2
-6
What is the value of 1 - (37 - 32 - (-6 - 0))?
-10
What is the value of -5 + 1 + -30 + 36?
2
What is 0 + 5 + (-1 + -2 - -2)?
4
What is the value of -2 + 1 + (-6 + 3 - -3)?
-1
Evaluate 10 - 1 - (13 - 9).
5
What is the value of 1 + -4 + (-54 - -54)?
-3
What is the value of -1 + (-7 - -5) + 8?
5
Evaluate (-10 - -13) + -2 + (-6 - -7).
2
What is (-2 - -1) + (1 - -2)?
2
0 - -10 - (3 + 1)
6
What is the value of (1 - -3) + 4 - 4?
4
Evaluate 0 - -1 - (5 - -7 - 15).
4
44 + -38 - (-1 + 11 - 0)
-4
What is the value of -4 - (0 + 3 + -4)?
-3
(-1 - -4) + (0 - (3 - 4))
4
2 + (2 - (-1 - -5 - -3))
-3
What is the value of (2 - 0) + -2 - (26 + -28)?
2
0 + 16 + -25 + 14
5
What is the value of 0 - (-3 - -2) - (-1 + 6)?
-4
Calculate (-173 - -173) + (-1 - -1).
0
What is 1 + (-4 - -9) - 5?
1
What is -3 + (1 - (-1 + 4))?
-5
-10 - ((5 - -1) + -11)
-5
What is the value of (3 + -4 - -4) + -8?
-5
(2 - 2 - -1) + -1 + 5
5
Calculate 12 + 5 + (-10 - 1).
6
Evaluate -7 + (-11 - -1 - -25).
8
What is 0 + (-7 - (0 + -13))?
6
-4 + 2 - (-6 - -9)
-5
What is the value of 8 + (-1 - (11 + -4)) + 6?
6
Calculate (-8 - (1 - 6)) + 2.
-1
Evaluate 0 + 1 - 5 - (-2 + -2).
0
Calculate 0 - (-2 + 4 - 1) - 2.
-3
Calculate -76 + 79 - (0 + -5).
8
-17 + 19 + (-1 - (-1 - -1))
1
Calculate 22 + -19 - (-3 + 12).
-6
What is the value of -4 - (-9 + -4 - -6)?
3
What is the value of (-3 - -2 - -2) + (-5 - -1)?
-3
-4 + (2 - 5 - 4) + 4
-7
Evaluate 0 + -1 + -1 - (-11 + 6).
3
(8 - 9 - -5 - 8) + -4
-8
What is (1 + 5 - -1) + -12?
-5
Calculate -16 + 19 + (4 - (-1 + 1)).
7
1 + -2 + 1 + (-8 - -11)
3
Evaluate -2 + 1 - (0 + -2) - -1.
2
Calculate (-12 - 0) + 8 + (-1 - -4).
-1
Evaluate -9 + -7 + 6 + 5.
-5
What is the value of 9 + -8 - (1 - 1 - -4)?
-3
Calculate 1 + (1 - -3) + -3.
2
What is the value of 10 + -3 - (4 - 0)?
3
Calculate (-9 - -3 - -9) + (0 - 2).
1
1 - (7 - 3) - -6
3
What is the value of 2 + -2 - (3 + 0)?
-3
What is 1 + (-4 - 3) + 7?
1
What is the value of (12 + -12 - 3) + (5 - 0)?
2
Calculate 2 - ((1 - 4) + 2).
3
Calculate (-1 - 0) + 2 + -1.
0
What is (3 - 6) + 3 + -1 - 6?
-7
Calculate -8 - (5 + -8 - 6).
1
Evaluate 1 - (7 - (-1 - 1)).
-8
What is -3 - (-1 + -1 + 7) - -3?
-5
Calculate (-4 - 6) + 13 - (0 - 4).
7
2 - ((15 - 7) + -14)
8
Evaluate (-1 - 2) + -6 + 10.
1
What is 4 - (-1 + -12 - -18)?
-1
What is -159 - -162 - (-1 - -8)?
-4
Calculate -2 + (-2 - (-3 + 2 + -1)).
-2
Evaluate 0 + -2 + 6 + -8.
-4
Calculate (2 - 10) + (3 - 0).
-5
Calculate (-18 - 6) + (13 - -2).
-9
Evaluate -19 + 11 + -12 + 14.
-6
What is the value of -6 - (1 - (-7 + 13))?
-1
Calculate 4 - (3 - -4) - -3 - -3.
3
What is the value of 15 - 0 - 18 - (0 - -1)?
-4
What is 2 + (-6 - 0) - -2?
-2
Evaluate -1 - 5 - (-11 + 7).
-2
-22 + 30 - (0 + 7)
1
8 - (19 + (7 - 18))
0
What is the value of -1 + -9 + 9 + -7 + 2?
-6
Calculate -2 